- 7. What is the units digit of y(j)?
3
What is the units digit of 5 - (0 - -3) - -3?
5
Let l(d) = -2*d + 5. What is the tens digit of l(-4)?
1
Suppose -2*r - 5 + 61 = 0. What is the tens digit of r?
2
Let y(o) = -o**3 + 3*o**2 + 4. Let u be ((-1 - -3) + 0)/1. Suppose a = u*a - 3. What is the units digit of y(a)?
4
Suppose -48 = w - 135. What is the units digit of w?
7
Let x = 0 + 2. Let l = 14 + x. Suppose -5*p + l = -p. What is the units digit of p?
4
Suppose -2*o - 16 = -0*o. Let t be o/20 + (-23)/5. What is the tens digit of ((-6)/t)/((-6)/(-80))?
1
Suppose 9*z = 4*z + 20. Suppose 0 = -3*v - 4 + 19. Suppose -43 = -v*x + z*w, -2 = -3*w - 8. What is the units digit of x?
7
Suppose -4*m + 7 = -3*c, -5*m + 18 = 4*c - 14. Suppose -m*i + i - 27 = 0. Let y = i - -13. What is the units digit of y?
4
Let u(c) = 2*c**2 - 5*c + 4. Let s be (-2 - 0) + 1 - 5. Let r(v) = -2*v - 9. Let g be r(s). What is the units digit of u(g)?
7
Suppose -26 = -3*r + z - 68, 6 = -2*z. Let o = -5 - r. What is the units digit of o?
0
Let j be ((-2)/6)/((-3)/54). Let f = 10 - j. What is the units digit of f?
4
Let m(f) = f**3 + 5*f**2 + 4*f - 1. Let r be m(-4). What is the units digit of (1 - (-4)/r) + 9?
6
Suppose 4*v + 15 = -1. Let a(h) = -2*h - 5. What is the units digit of a(v)?
3
Let b(w) = w**2 + w - 11. What is the units digit of b(13)?
1
Let a(b) = b**2 - 5*b + 2. Let j be a(6). Suppose -5*i - 1 = -11. Suppose 0 = -3*g - 4*q - j, -3*g = q - i - 5. What is the units digit of g?
4
Let p be 2 + -4 + (-8)/4. What is the units digit of (-66)/(8/(0 + p))?
3
Let q(a) be the second derivative of a**3/3 - a**2 + 3*a. What is the units digit of q(5)?
8
Let v(g) = -2*g + 11. What is the tens digit of v(-4)?
1
Let t(c) = -14*c - 2. What is the units digit of t(-6)?
2
Suppose -5*b - 4*c + 0*c = -52, 3*c + 54 = 4*b. What is the units digit of b?
2
Suppose 0*q = 2*d + 3*q + 9, -5*q = 15. Let y(v) = v**2 + 5*v + 1. Let a(z) = z**2 + 6*z + 1. Let h(t) = -4*a(t) + 5*y(t). What is the units digit of h(d)?
1
Suppose 3*t - 4*x + 33 = 6*t, 3*t - 33 = -5*x. What is the units digit of t?
1
Let r = 19 + -10. Suppose -2*y = -5*j, 3*j - y - 2*y + r = 0. What is the units digit of (j/(-4))/((-4)/48)?
6
What is the tens digit of (-5)/((-35)/666) + (-5)/35?
9
Let a be (-2 - (-2 + 7))*-1. Suppose -4*u + a = -3*o, u = 2*u + 5*o - 19. Suppose -u*h + h - 8 = -4*z, 3*h = 3*z - 3. What is the units digit of z?
5
Let o be ((-2)/6)/(4/36). What is the units digit of 3 + 1 + o - -9?
0
Let c(l) be the first derivative of 3*l**2/2 + 2. Suppose 2*z = 2 - 0. What is the units digit of c(z)?
3
Let k = 10 - 8. Let i be (-1)/(((-2)/1)/(-2)). Let h = i + k. What is the units digit of h?
1
Suppose -5*j = -2*b + 31, -b - 4*j + 20 = -2*j. Let a be (b/12)/(3/8). Suppose -3*f - f + a = 0. What is the units digit of f?
1
Let w(l) = -l**2 + 10*l - 7. Let y = -11 + 17. Let r be w(y). Let u = -10 + r. What is the units digit of u?
7
Let i(m) = m**2 + m - 1. Let x(b) = b + 3*b**2 - 6*b + 0*b**2 + 2 - 1. Let d(s) = -4*i(s) + x(s). What is the units digit of d(-9)?
5
Let l(j) = j + 8*j**2 + 2*j**3 - 2*j - j**3. What is the units digit of l(-8)?
8
Let h(p) = p**2 + 7*p - 6. What is the units digit of h(-8)?
2
Suppose -6 = -2*g + 6. What is the units digit of g?
6
Let l(t) = -2*t + 23. What is the tens digit of l(0)?
2
Let d be 4/(-8) - (-22)/4. Suppose -d*v - 3 = -23. Suppose 5 = v*k - 3. What is the units digit of k?
2
Suppose 0*o + 16 = 4*o. Suppose 4*g + 5*v + o - 7 = 0, -4*v - 10 = -3*g. Suppose g*i - 11 = i. What is the tens digit of i?
1
Let h be 1/3 - 15/(-9). Suppose s + h = 2*s. Suppose 5*y + 2*w = 39, -6 = s*y + 2*w - 18. What is the units digit of y?
9
Suppose -5*d - u + 95 = 0, 0*d + 5*u = d + 7. What is the tens digit of d?
1
Let g = 472 + -322. What is the tens digit of g?
5
Suppose -21*y - 60 = -27*y. What is the tens digit of y?
1
Suppose 20*s - 815 = -195. What is the units digit of s?
1
Let z = -3 - -8. Let u(f) = -f - 1. Let i be u(-6). Suppose 3*y = 7*y + 2*a - 72, i*y + z*a = 100. What is the tens digit of y?
1
What is the units digit of (-234)/27*(2 - (-57)/(-6))?
5
Suppose -2*b - 2 = -0*b. Let j = b - -1. Let n = 1 + j. What is the units digit of n?
1
Let f = 16 - 14. Suppose o - f*o + 5 = 0. What is the units digit of o?
5
Let d(m) = 3*m + 1. Let h be d(-2). Let k = h + 6. Let r = 8 + k. What is the units digit of r?
9
Suppose -o + 0*o = -11. What is the tens digit of o/(3/3 + 0)?
1
Let a(q) = -q**3 + 5*q**2 + q + 3. Let m = 25 + -20. What is the units digit of a(m)?
8
Let t be 1 + 15 + 6/3. Suppose -3*r = -0*r - t. What is the units digit of r?
6
Suppose -5*r - 4*m = -9*m - 20, 3*m = -3*r. Let a(h) = 2*h + 4 - 4*h + h. What is the units digit of a(r)?
2
Let m = -69 + 174. Suppose m = 4*s + s. What is the units digit of 6/s + (-47)/(-7)?
7
Let d(q) = q**3 - 4*q**2 - 4*q. Let a be 1/2 + 51/6. Let k(g) = -g**3 + 8*g**2 + 9*g + 5. Let z be k(a). What is the units digit of d(z)?
5
What is the units digit of (-14)/35 - 34/(-10)?
3
Let j = 5 - -3. Suppose 0 = 4*x - j. Suppose -x*f = -8 + 4. What is the units digit of f?
2
Let j(x) = x - 1. What is the units digit of j(8)?
7
Let z(r) = r**3 - 4*r**2 - 2*r + 6. Let a be z(4). Let g(l) = -7*l - 5. What is the units digit of g(a)?
9
Let v = 80 + -34. What is the tens digit of v?
4
Let x(l) = l**3 + 3*l**2 + 2*l + 3. Let u be x(-2). Suppose 2*v = -2*c + 3*v + 51, -u*c + 2*v + 75 = 0. What is the tens digit of c?
2
Suppose 7 = 5*f + 37. Let i(x) = 2 - 43*x**2 - 1 + 37*x**2 - x**3. What is the units digit of i(f)?
1
Let n = -2 - -8. Suppose -6 - n = -4*x. Suppose 5 = -p, 0*k - x*k = -2*p - 37. What is the units digit of k?
9
Suppose 4*z = -0*z + 84. Suppose -n - 2*n + z = 0. What is the units digit of (-103)/(-7) + 2/n?
5
Let s(z) = -3*z**2 + 4*z**2 - 1 - 2*z - 1. Let q be s(6). Let c = -14 + q. What is the units digit of c?
8
Let k = -4 - -11. Suppose 3*p + k = -5. Let i(y) = y**2 + 4*y + 6. What is the units digit of i(p)?
6
Let a(u) = 3*u**3 - u + 1. Let q be ((-5)/(15/(-6)))/2. What is the units digit of a(q)?
3
Let i = 57 - -32. What is the units digit of i?
9
Suppose -13 = -2*d - 5*l - 6, -21 = -3*d - 4*l. Let s = 20 - d. What is the units digit of s?
9
Suppose 5*z - 110 - 15 = 0. What is the units digit of z?
5
What is the tens digit of -33*((-28)/3)/7?
4
Let m(i) be the third derivative of i**5/60 + i**4/4 + i**2. Let f be m(-7). Suppose 1 + f = 2*b. What is the units digit of b?
4
Suppose -3*g - g = -28. Let d = -3 + g. Suppose -d*s - v + 22 = 4*v, 2*s + 2 = 4*v. What is the units digit of s?
3
Suppose 0 = 5*t - 114 - 106. What is the tens digit of t?
4
Suppose 20 = i + 5*s, 3*s + 11 = 4*i - 0. What is the units digit of i?
5
Let u(v) = -5*v + 2. Let p be u(1). What is the tens digit of 8 + (6 - (-9)/p)?
1
Suppose 3*k - 48 = -2*s, -4*s = -k - 0*s + 30. What is the tens digit of k?
1
Suppose -z = -4*n + n - 47, 3*z = 4*n + 126. What is the tens digit of z?
3
Let r be 6/(-2)*6/(-9). Let o(g) = -4*g - 2 - 3 + g**3 - 3*g + 4*g**r. What is the units digit of o(-5)?
5
What is the units digit of (0 - (-2)/(-3))*(-3150)/50?
2
Suppose 5*i + 4*s = 0, -5*i + 4*s + 0 = -40. Let u be i/(-2 + 0) + 1. What is the units digit of (0 + u)/(3/(-21))?
7
Let g = -8 + 75. What is the tens digit of g?
6
Let t be (-3*2)/(-3) + -2. Suppose -3*l - j + 92 = t, 2*j + 2 = -0*j. What is the units digit of l?
1
Let z(s) = 35*s**3 + 2*s**2 - 2*s + 1. Let d be z(1). Suppose -p + d - 12 = 0. What is the tens digit of p?
2
Suppose 5*s - 110 = -0. Suppose 18 = v - 5*c, 0 = v + 2*c - 3*c - s. What is the tens digit of v?
2
Let p(f) be the second derivative of -f**4/12 - 4*f**3/3 + f**2 - 9*f. Let u = 3 + -10. What is the units digit of p(u)?
9
Suppose -2*k + 4 = -0*k. Let t be 110/k*(-12)/(-30). Suppose -2*n - 2 = -t. What is the tens digit of n?
1
Let c = 20 + -109. Let b = c - -134. What is the units digit of b?
5
Suppose -2*t + 125 = 1. What is the units digit of t?
2
Let m be 20/((-32)/(-28) + -1). Suppose -m = -i - 4*i. What is the tens digit of i?
2
Let b(g) = g**3 + 7*g**2 + 7*g + 6. Let v be b(-5). Suppose 2*p + 3*p - 15 = 0. Suppose -3*i + 15 = t - 22, -p*t = -3*i + v. What is the units digit of i?
1
Let g be 3/(-2)*4/(-3). Let b be ((-1)/(-2))/(g/12). Let q(t) = -t**3 + 3*t**